et j be n(g). Suppose 0 = j*f - 1014 - 2831. Is f composite?
False
Let h be (4/5)/((-10)/75). Is -10581*(14/h)/7 a prime number?
True
Let f(q) = -28*q**2 + 4*q + 2. Let y(r) = -47*r**2 + 7*r + 5. Let g(h) = 5*f(h) - 3*y(h). Let i = 9 + -4. Is g(i) a composite number?
True
Let q(j) = -j**3 - 56*j**2 - 136*j + 1106. Is q(-73) a prime number?
True
Let p(n) be the third derivative of 79*n**5/60 + n**4/12 - 4*n**2 - 126*n + 1. Suppose -4 + 3 = v. Is p(v) a composite number?
True
Suppose -328891 = -44*s + 150361 - 53464. Is s prime?
True
Let q(a) = 9. Let m(v) = -v - 17. Let r(u) = 4*m(u) + 10*q(u). Let n be r(5). Suppose -4*g = -3*g + 4*t - 41, 0 = n*t - 2. Is g a prime number?
True
Is (-7)/(-3)*(-4)/(-14)*2117064/16 prime?
True
Suppose 0 = -p + 5*a + 99597, 4*a - 22 = -14. Is p composite?
False
Let r(n) = 59106*n**2 - 189*n + 381. Is r(2) a prime number?
False
Suppose -y - w - 11 = 3*y, -3*y - w - 8 = 0. Is -4 + -331*(y - 8) prime?
True
Let j be (216 + 2)*(6 - 11/2). Suppose -j = 7*x - 8*x. Is x composite?
False
Let l(j) = -1 - 3*j + 145*j + 3 + 9. Is l(3) a composite number?
True
Let q be -1 + (4 - (-4 + 5)). Suppose 2 = -2*n + q*l, -2*n + 0*n + 4*l = 12. Suppose -3*a = -5*o - 4*a + 3344, 0 = -n*o + 5*a + 2681. Is o a prime number?
False
Suppose 5*z + 27 = u - 49, -2*z = -2*u + 136. Suppose 0 = 5*l - u + 56. Suppose -l*h = -h - 2213. Is h prime?
True
Let s be 566 - (10 - (-3)/(-1)). Is s + 0 + -1 + -1 a prime number?
True
Let m(c) = -c**3 - 18*c**2 - 20*c - 45. Let i be m(-17). Suppose 3 - i = -3*u, -2*u + 9372 = 5*l. Is l a prime number?
False
Suppose 4*f = 2*z - 1024640, -3*z + 5*f + 1370631 = -166332. Is z a composite number?
True
Let s(a) = 24063*a**2 - 60*a + 247. Is s(4) a composite number?
True
Let c = 78 - 88. Let m be (5/(-10))/(c/12)*5. Suppose 930 - 2268 = -m*n. Is n a prime number?
False
Suppose -1183435 = -24*f + 13*f. Is f prime?
False
Let u(o) = 2114*o**2 + 162*o - 1107. Is u(7) prime?
True
Let s be 1/2 + 252/(-56). Is 2/((-7)/161686*s) composite?
False
Let u = -752 + -2172. Let j = 4461 + u. Is j prime?
False
Let j be (3 - -1)/(26/29276). Let k be (2 + j)*(-28)/(-42). Suppose -14*p = 78 - k. Is p composite?
True
Let t be (-354)/(-5)*(-845)/(-26). Is (7 - 7) + 1 + t composite?
True
Let w(j) = 66*j**2 - 7*j + 1. Let d be w(-6). Suppose r - 187 = d. Suppose r + 739 = 3*b. Is b a composite number?
True
Suppose -100*x = -285907 - 417493. Is x composite?
True
Let b = -25205 + 377352. Is b a composite number?
True
Let s = -8864 + 5195. Let k be s/21 + 6/(-21). Is 50/k + (1 - 828/(-7)) a composite number?
True
Let z(h) = -9*h + 66. Let y be z(7). Suppose 4*c - 1877 = -y*b, 2*c = 7*c + 3*b - 2344. Is c a prime number?
True
Suppose 2*a + 2250 = -2*a - i, 4*a = i - 2254. Let t = 444 - a. Is t a composite number?
True
Let i(h) be the second derivative of h**3/3 + 982*h**2 + 7*h. Let r be i(0). Suppose -2*v + r = 2*v. Is v prime?
True
Is 3*1/6*(-15)/(105/(-688618)) a prime number?
False
Suppose -20*i - 5 = -45. Suppose -3*b + 6*b = -i*g + 6679, b = -4*g + 2213. Is b prime?
False
Let d = 38 + -42. Let j be d/12*(-2 - -2 - 0). Suppose -6*a + 388 + 182 = j. Is a a prime number?
False
Let s(c) = 23*c + 90. Let x be s(-4). Is (x/(-8))/(16/75328) a prime number?
False
Suppose -4*b = 2*n - 14, 4*b + b - 10 = 0. Suppose 5*z - 2*z = 2*x + 8, n*x + 2*z = 14. Suppose x*p - 89 = -15. Is p a prime number?
True
Is 227690/45 + 5 - (-20)/90 prime?
False
Suppose 0 = 3*w + 4*a - 472961, 8*w - 5*a = 4*w + 630563. Suppose -17*s + 38*s = w. Is s composite?
False
Suppose -31*n - 31948 = -111. Let d = n + 1680. Is d a composite number?
False
Suppose 3*s - 77246 = -5*n + 5*s, 5*n + s = 77252. Suppose 12*d - n = 7*d. Suppose -6*h + d = -0*h. Is h a composite number?
True
Let f = 369669 - 217802. Is f prime?
False
Suppose 5*n + 5*r + 11 = 16, -5*r = 2*n + 10. Suppose 4*u + i = 29079, 10201 + 4316 = 2*u + n*i. Is u prime?
False
Let r be (1 - 1) + 4 + (-2 - 1). Is 8/(-4) - (-6087 - (r + 1)) composite?
True
Let m = -86 + 82. Let k(l) = -7*l**3 + 22*l**2 - 3*l - 3. Is k(m) a composite number?
False
Suppose 8218 = p + 5*r, 8*p - 2*r = 10*p - 16412. Let c = -4889 + p. Is c composite?
True
Is ((-10837)/(-3))/((-120)/(-1512)*(-6)/(-10)) a prime number?
False
Let d(g) = -g**3 + 24*g**2 + 6. Let i be d(24). Suppose -69336 = -3*h + 5*t, 7*h - i*h - 23114 = t. Is h a prime number?
True
Let d(g) = -964*g + 201. Let x(c) = -2890*c + 601. Let q(u) = 11*d(u) - 4*x(u). Is q(6) composite?
True
Suppose 0*y + 838 = 2*y. Let g = 428 + -306. Let l = g + y. Is l a prime number?
True
Let d = 127 - 122. Suppose 4*q - 2637 = 4*w - 5*w, 1313 = 2*q - d*w. Is q composite?
False
Suppose 1660 = 16*q - 1124. Let z = q - -1616. Let w = z + -117. Is w prime?
False
Suppose -17*n + 5*n + 312 = 0. Suppose -2*a + n = -5*o, -2*a - 28 = -5*a + 2*o. Let v(u) = 2*u**3 + u + 17. Is v(a) composite?
False
Let w be -4*(6/16 + 325/(-104)). Suppose w*i + 20980 = 4*l + 15*i, i = l - 5237. Is l composite?
True
Let u be 2 - 0 - 18 - 0. Let g be (2065/2)/((-8)/u). Let k = g + -1278. Is k prime?
True
Let z(i) = -6*i**2 - 8*i + 4. Let d be z(-2). Is d/(-38) - 34906/(-76)*86 a prime number?
True
Is 12 - (7 + -20 + -23134) prime?
True
Let g be 3 + -12*-1*(-6)/(-24). Suppose -13*a + g*a = -34699. Is a prime?
True
Suppose 32*y = 75553 + 58911. Let q = y + 6425. Is q prime?
True
Let z = 45 - 40. Let c(q) = 14*q. Let a be c(z). Let w = a + -39. Is w a composite number?
False
Suppose -4307707 = -5*l + 3*w, -l - 19243 = 9*w - 880746. Is l prime?
False
Let z(m) be the second derivative of -m**5/60 - 7*m**4/24 + 3*m**3/2 + 25*m**2/2 + 10*m. Let j(p) be the first derivative of z(p). Is j(-4) composite?
True
Let v = -13406 - -163557. Is v composite?
False
Is 12 + 1215/(-105) - (2 + (-2301402)/21) a composite number?
False
Let t = 13513 - 9468. Is t composite?
True
Let b(d) = 24*d**2 - 3*d + 37. Let p(a) = -45*a**2 + 5*a - 74. Let g(v) = 7*b(v) + 3*p(v). Is g(4) prime?
True
Suppose 3*o = 3*d - 3 - 30, -5*d - 4*o + 91 = 0. Suppose -2*z + 27 = 3*z + 4*s, 0 = -5*z + 4*s + 43. Let i = d + z. Is i prime?
False
Suppose 5*l - 12 = -p + 2*p, 5*p + 3*l = 24. Suppose 5*w = d + 15, -4*d = 3*w + p + 11. Suppose -w*v + 1435 = -4299. Is v prime?
False
Let q be (5/10)/(2/8). Suppose -13 = q*r - 89. Suppose 163 - r = 5*w. Is w composite?
True
Let i be 6/(-9)*66 - -3. Let x(n) = 2*n**2 - 98*n - 89. Is x(i) composite?
True
Let f = 9895 + 17716. Is f composite?
False
Let g = 67472 - 43675. Is g a prime number?
False
Let t = -342 - -564. Let g = t - -175. Is g composite?
False
Let x = 72 - -3. Suppose 0*l = l + 2*u - 73, -4*u = l - x. Is l prime?
True
Let p = -943624 - -1453227. Is p a composite number?
False
Let f be 5 - (-62228)/12 - (-8)/(-12). Let x = f + -3535. Is x a composite number?
True
Let b = 37 - 35. Suppose -u + 0*u + b = k, 2*k = -3*u. Let j(z) = 24*z**2 - z + 7. Is j(k) a composite number?
True
Let x(a) = a**2 + 5*a + 6. Let s be x(-3). Suppose -2*n = 5*i - 70683, 3*i - 15 + 12 = s. Is n a composite number?
False
Let f(z) = -8198*z - 17789. Is f(-6) a composite number?
True
Suppose -13605*z = -13620*z + 392565. Is z composite?
False
Is (117982/(-3))/((2/(-49))/((-24)/(-56))) a prime number?
False
Suppose 66*d - 63*d - 40 = -2*z, -5*d + 27 = z. Suppose -19383 - 1204 = -z*n. Is n prime?
False
Let u(k) = -7*k - 55*k**2 - 18 - 11*k**2 + 5*k. Let b be u(-10). Is b/(-4)*(8 + (1 - 7)) composite?
False
Suppose -2*p = 330 + 2462. Suppose 0 = 8*z - 14449 - 2231. Let x = p + z. Is x a composite number?
True
Suppose 74*q - 4*x + 292715 = 75*q, -2*x = -4*q + 1170698. Is q a composite number?
False
Suppose 10*t + 70 = 3*t. Let b(u) = u**2 + 14*u + 2. Let z be b(t). Is (-44)/6*171/z prime?
False
Let n(o) = -23*o**2 - 8*o + 7. Let k be n(-7). Let m be (1 + -7 - 0)/((-2)/(-193)). Let r = m - k. Is r composite?
True
Let m(s) = 6*s + 14*s + 8 - 84*s. Let f be m(-22). Suppose -5*q = -f - 2939. Is q a composite number?
True
Let z(l) = 351*l**2 - 7*l + 16. Let p be z(-5). Suppose -4*h = -4*f - 2*h + p, -2*f = -3*h - 4403. Is f a prime number?
False
Suppose 76*u = 61*u + 1537845. Is u prime?
True
Suppose 2061*o - 1989*o = 49198248. Is o prime?
False
Suppose -412 + 1052 = -16*h. Is 9318/15 + (-32)/h composite?
True
Let r(k) = 11*k**3 + k**2 - k - 2. Let o(t)